is the thousands digit of 254039?
4
What is the hundred thousands digit of 2050343?
0
What is the tens digit of 3992748?
4
What is the hundreds digit of 122424?
4
What is the hundred thousands digit of 1994359?
9
What is the thousands digit of 80932?
0
What is the tens digit of 83453?
5
What is the ten thousands digit of 21493952?
9
What is the thousands digit of 285534?
5
What is the hundreds digit of 325098?
0
What is the millions digit of 25462088?
5
What is the hundred thousands digit of 477473?
4
What is the thousands digit of 9513782?
3
What is the units digit of 795614?
4
What is the ten thousands digit of 479592?
7
What is the hundreds digit of 2123107?
1
What is the thousands digit of 803644?
3
What is the thousands digit of 1050089?
0
What is the hundreds digit of 598400?
4
What is the hundred thousands digit of 2627654?
6
What is the hundred thousands digit of 133762?
1
What is the ten thousands digit of 26898?
2
What is the thousands digit of 19513?
9
What is the tens digit of 78798?
9
What is the ten millions digit of 16731096?
1
What is the thousands digit of 4258158?
8
What is the ten thousands digit of 120586?
2
What is the hundreds digit of 454856?
8
What is the hundreds digit of 288329?
3
What is the ten thousands digit of 166608?
6
What is the tens digit of 371142?
4
What is the tens digit of 1304012?
1
What is the units digit of 6971124?
4
What is the millions digit of 1884250?
1
What is the thousands digit of 34521444?
1
What is the thousands digit of 20550?
0
What is the hundreds digit of 1783974?
9
What is the thousands digit of 821402?
1
What is the hundred thousands digit of 1014491?
0
What is the tens digit of 18969166?
6
What is the ten thousands digit of 62825?
6
What is the hundreds digit of 37822?
8
What is the hundred thousands digit of 186958?
1
What is the hundred thousands digit of 464949?
4
What is the tens digit of 4742506?
0
What is the hundreds digit of 4048801?
8
What is the tens digit of 18888597?
9
What is the units digit of 14066090?
0
What is the hundreds digit of 712072?
0
What is the units digit of 401147?
7
What is the hundreds digit of 11397655?
6
What is the units digit of 10116161?
1
What is the hundreds digit of 670733?
7
What is the units digit of 9190499?
9
What is the hundreds digit of 829080?
0
What is the ten thousands digit of 14720268?
2
What is the units digit of 1657283?
3
What is the hundreds digit of 14542065?
0
What is the ten thousands digit of 20393188?
9
What is the thousands digit of 540734?
0
What is the hundreds digit of 271863?
8
What is the ten thousands digit of 561853?
6
What is the ten thousands digit of 382754?
8
What is the units digit of 142829?
9
What is the tens digit of 177398?
9
What is the hundreds digit of 1951156?
1
What is the hundreds digit of 201506?
5
What is the hundreds digit of 139500?
5
What is the thousands digit of 7765756?
5
What is the hundred thousands digit of 282399?
2
What is the millions digit of 3626317?
3
What is the millions digit of 2424464?
2
What is the ten thousands digit of 2123317?
2
What is the tens digit of 15702692?
9
What is the ten thousands digit of 636370?
3
What is the thousands digit of 1650548?
0
What is the thousands digit of 26477?
6
What is the units digit of 1729805?
5
What is the tens digit of 5775502?
0
What is the thousands digit of 3614692?
4
What is the hundred thousands digit of 219107?
2
What is the hundred thousands digit of 522362?
5
What is the hundred thousands digit of 783761?
7
What is the millions digit of 14396244?
4
What is the units digit of 37556?
6
What is the hundred thousands digit of 3791221?
7
What is the hundred thousands digit of 3799537?
7
What is the ten thousands digit of 202378?
0
What is the hundreds digit of 14027863?
8
What is the thousands digit of 2243303?
3
What is the tens digit of 3152201?
0
What is the hundred thousands digit of 119887?
1
What is the thousands digit of 1435157?
5
What is the thousands digit of 1412793?
2
What is the thousands digit of 6153802?
3
What is the hundreds digit of 277922?
9
What is the hundreds digit of 4276782?
7
What is the hundred thousands digit of 808890?
8
What is the units digit of 1871181?
1
What is the thousands digit of 88120?
8
What is the tens digit of 65568?
6
What is the hundred thousands digit of 18062756?
0
What is the thousands digit of 90964?
0
What is the thousands digit of 16119?
6
What is the tens digit of 561971?
7
What is the hundred thousands digit of 2334252?
3
What is the millions digit of 1087962?
1
What is the ten thousands digit of 2796921?
9
What is the units digit of 2733419?
9
What is the thousands digit of 409022?
9
What is the units digit of 831082?
2
What is the units digit of 972896?
6
What is the millions digit of 4404141?
4
What is the ten millions digit of 11977778?
1
What is the ten thousands digit of 861562?
6
What is the hundreds digit of 25494?
4
What is the tens digit of 166664?
6
What is the tens digit of 47822?
2
What is the tens digit of 689501?
0
What is the ten thousands digit of 35491?
3
What is the units digit of 120445?
5
What is the tens digit of 319684?
8
What is the units digit of 389396?
6
What is the hundred thousands digit of 8294751?
2
What is the ten millions digit of 29321620?
2
What is the units digit of 1027808?
8
What is the units digit of 1153018?
8
What is the hundreds digit of 2369462?
4
What is the tens digit of 44898?
9
What is the hundred thousands digit of 9169683?
1
What is the tens digit of 625274?
7
What is the units digit of 11803868?
8
What is the units digit of 2741345?
5
What is the tens digit of 9871858?
5
What is the tens digit of 379405?
0
What is the thousands digit of 45753?
5
What is the hundred thousands digit of 1782558?
7
What is the millions digit of 1241686?
1
What is the tens digit of 2368535?
3
What is the hundred thousands digit of 1218156?
2
What is the hundred thousands digit of 5385788?
3
What is the millions digit of 1925640?
1
What is the thousands digit of 239109?
9
What is the ten thousands digit of 700298?
0
What is the tens digit of 266455?
5
What is the hundreds digit of 401730?
7
What is the units digit of 20227353?
3
What is the hundreds digit of 2286546?
5
What is the hundred thousands digit of 433894?
4
What is the tens digit of 450070?
7
What is the ten millions digit of 21914265?
2
What is the units digit of 516?
6
What is the units digit of 9695203?
3
What is the units digit of 524472?
2
What is the thousands digit of 2075976?
5
What is the tens digit of 174731?
3
What is the thousands digit of 490021?
0
What is the millions digit of 10406635?
0
What is the ten thousands digit of 8192981?
9
What is the ten millions digit of 15141376?
1
What is the thousands digit of 776673?
6
What is the units digit of 1664748?
8
What is the thousands digit of 10701028?
1
What is the hundreds digit of 642386?
3
What is the units digit of 27184823?
3
What is the units digit of 268990?
0
What is the thousands digit of 970514?
0
What is the ten thousands digit of 231099?
3
What is the hundred thousands digit of 512248?
5
What is the units digit of 10563?
3
What is the millions digit of 3248263?
3
What is the hundred thousands digit of 1674805?
6
What is the thousands digit of 7268415?
8
What is the tens digit of 1956924?
2
What is the hundreds digit of 138152?
1
What is the units digit of 905307?
7
What is the tens digit of 761989?
8
What is the tens digit of 1034542?
4
What is the hundred thousands digit of 2135519?
1
What is the tens digit of 385480?
8
What is the units digit of 1846547?
7
What is the hundred thousands digit of 204381?
2
What is the millions digit of 9262968?
9
What is the tens digit of 35665803?
0
What is the thousands digit of 731089?
1
What is the units digit of 17861669?
9
What is the hundred thousands digit of 6658822?
6
What is the ten thousands digit of 2271166?
7
What is the hundreds digit of 69301?
3
What is the hundred thousands digit of 37689658?
6
What is the units digit of 2872215?
5
What is the units digit of 3139537?
7
What is the thousands digit of 330106?
0
What is the hundreds digit of 77786?
7
What is the units digit of 3083647?
7
What is the units digit of 10014610?
0
What is the units digit of 16084427?
7
What is the millions 